divided by 317?
52
What is the remainder when 853529 is divided by 170695?
54
What is the remainder when 336574 is divided by 1026?
46
Calculate the remainder when 26230267 is divided by 225.
217
What is the remainder when 74113719 is divided by 355?
14
What is the remainder when 169333 is divided by 56109?
1006
What is the remainder when 947141 is divided by 315641?
218
Calculate the remainder when 983685 is divided by 122958.
21
What is the remainder when 376152 is divided by 23465?
712
What is the remainder when 33328445 is divided by 119?
115
What is the remainder when 85525 is divided by 4398?
1963
Calculate the remainder when 1074909 is divided by 1172.
185
Calculate the remainder when 368349 is divided by 5200.
4349
What is the remainder when 19026962 is divided by 5410?
5402
Calculate the remainder when 681026 is divided by 16610.
16
What is the remainder when 1086954 is divided by 2883?
63
What is the remainder when 15787 is divided by 6854?
2079
Calculate the remainder when 8773222 is divided by 822.
16
What is the remainder when 249907 is divided by 1256?
1219
Calculate the remainder when 6961 is divided by 601.
350
Calculate the remainder when 3682506 is divided by 736491.
51
What is the remainder when 1349969 is divided by 37499?
5
Calculate the remainder when 618176 is divided by 3027.
668
What is the remainder when 43859030 is divided by 14619676?
2
Calculate the remainder when 4020899 is divided by 4404.
47
What is the remainder when 254156 is divided by 325?
6
Calculate the remainder when 1387319 is divided by 2410.
1569
What is the remainder when 78229 is divided by 46?
29
Calculate the remainder when 7041269 is divided by 19.
2
Calculate the remainder when 8058883 is divided by 4902.
4897
Calculate the remainder when 5090883 is divided by 187.
182
Calculate the remainder when 9123095 is divided by 16.
7
What is the remainder when 421421 is divided by 434?
7
What is the remainder when 8307946 is divided by 468?
10
What is the remainder when 73852 is divided by 917?
492
Calculate the remainder when 15993656 is divided by 103.
22
Calculate the remainder when 2586192 is divided by 431023.
54
What is the remainder when 2296952 is divided by 186?
38
Calculate the remainder when 21096 is divided by 5234.
160
What is the remainder when 233726 is divided by 556?
206
What is the remainder when 969975 is divided by 827?
731
What is the remainder when 574308 is divided by 189?
126
Calculate the remainder when 389827 is divided by 934.
349
What is the remainder when 225082 is divided by 3751?
22
Calculate the remainder when 29181805 is divided by 1342.
15
What is the remainder when 169676 is divided by 52?
0
What is the remainder when 1566919 is divided by 10?
9
Calculate the remainder when 3300574 is divided by 49257.
355
Calculate the remainder when 16617 is divided by 4085.
277
What is the remainder when 310660 is divided by 2824?
20
Calculate the remainder when 7282390 is divided by 2652.
2650
Calculate the remainder when 147040 is divided by 14686.
180
What is the remainder when 20088326 is divided by 274?
16
What is the remainder when 12040590 is divided by 8281?
16
Calculate the remainder when 614993 is divided by 5432.
1177
What is the remainder when 873318 is divided by 1051?
988
Calculate the remainder when 21002 is divided by 10381.
240
What is the remainder when 229072985 is divided by 49?
43
What is the remainder when 4474495 is divided by 4439?
4422
What is the remainder when 2268125 is divided by 1134061?
3
What is the remainder when 199670 is divided by 942?
908
What is the remainder when 1676268 is divided by 4762?
44
What is the remainder when 11552559 is divided by 11552456?
103
What is the remainder when 145282 is divided by 48425?
7
What is the remainder when 78848 is divided by 856?
96
Calculate the remainder when 291949 is divided by 1326.
229
Calculate the remainder when 6561720 is divided by 1640316.
456
Calculate the remainder when 5499404 is divided by 583.
548
What is the remainder when 485546 is divided by 97102?
36
Calculate the remainder when 1058975 is divided by 5814.
827
Calculate the remainder when 452222 is divided by 208.
30
What is the remainder when 8090059 is divided by 113938?
461
Calculate the remainder when 258840 is divided by 1749.
1737
Calculate the remainder when 820507 is divided by 14.
9
Calculate the remainder when 9648339 is divided by 13.
12
Calculate the remainder when 38444209 is divided by 200.
9
Calculate the remainder when 36657 is divided by 362.
95
Calculate the remainder when 477049 is divided by 12528.
985
What is the remainder when 939978 is divided by 156657?
36
Calculate the remainder when 38065 is divided by 37763.
302
What is the remainder when 753768 is divided by 21?
15
Calculate the remainder when 56826948 is divided by 182.
178
What is the remainder when 7666599 is divided by 70?
59
Calculate the remainder when 129253 is divided by 43080.
13
What is the remainder when 45896 is divided by 7491?
950
What is the remainder when 12667468 is divided by 103?
13
Calculate the remainder when 547401625 is divided by 5521.
5517
Calculate the remainder when 134415 is divided by 8905.
840
What is the remainder when 2355910 is divided by 916?
874
What is the remainder when 15752570 is divided by 3453?
3437
Calculate the remainder when 106765 is divided by 978.
163
What is the remainder when 12432435 is divided by 956341?
2
Calculate the remainder when 10736070 is divided by 521.
344
Calculate the remainder when 5543887 is divided by 1273.
1245
Calculate the remainder when 88907 is divided by 29631.
14
Calculate the remainder when 88037582 is divided by 18.
14
Calculate the remainder when 1750815 is divided by 1606.
275
Calculate the remainder when 1130945 is divided by 1584.
1553
What is the remainder when 12614988 is divided by 1051246?
36
What is the remainder when 3096450 is divided by 774105?
30
Calculate the remainder when 32548786 is divided by 522.
520
Calculate the remainder when 11147013 is divided by 1592421.
66
What is the remainder when 299506 is divided by 764?
18
Calculate the remainder when 623793 is divided by 304.
289
Calculate the remainder when 4782156 is divided by 23.
19
Calculate the remainder when 19845911 is divided by 1731.
1727
What is the remainder when 2254190 is divided by 2254186?
4
What is the remainder when 38897 is divided by 6992?
3937
Calculate the remainder when 231221700 is divided by 847.
17
Calculate the remainder when 422898 is divided by 81.
78
Calculate the remainder when 4247654 is divided by 9971.
8
What is the remainder when 13825116 is divided by 2199?
3
What is the remainder when 43181566 is divided by 15433?
32
What is the remainder when 69246 is divided by 33424?
2398
Calculate the remainder when 8375 is divided by 709.
576
Calculate the remainder when 235660 is divided by 2000.
1660
Calculate the remainder when 116119399 is divided by 4359.
4357
Calculate the remainder when 43385 is divided by 354.
197
What is the remainder when 152301 is divided by 309?
273
What is the remainder when 27292 is divided by 1234?
144
Calculate the remainder when 11051014 is divided by 17.
11
Calculate the remainder when 207509 is divided by 9017.
118
What is the remainder when 1086777 is divided by 154?
153
Calculate the remainder when 45783022 is divided by 5973.
5950
What is the remainder when 9544730 is divided by 17874?
14
Calculate the remainder when 322541 is divided by 6235.
4556
Calculate the remainder when 17696 is divided by 3486.
266
What is the remainder when 276128 is divided by 9241?
8139
Calculate the remainder when 184983119 is divided by 170.
169
What is the remainder when 1441506 is divided by 9610?
6
Calculate the remainder when 8658543 is divided by 4498.
4391
Calculate the remainder when 81709 is divided by 647.
187
Calculate the remainder when 5720412 is divided by 23638.
16
What is the remainder when 228860 is divided by 74879?
4223
What is the remainder when 302023 is divided by 27454?
29
What is the remainder when 3535465 is divided by 3535454?
11
What is the remainder when 321588 is divided by 736?
692
Calculate the remainder when 15639979 is divided by 144.
139
Calculate the remainder when 41409606 is divided by 8.
6
Calc